988783?
5
What is the ten millions digit of 552432706?
5
What is the units digit of 117445537?
7
What is the ten millions digit of 80847381?
8
What is the hundreds digit of 86967053?
0
What is the thousands digit of 1794346638?
6
What is the ten millions digit of 2129768414?
2
What is the hundred thousands digit of 1898789045?
7
What is the millions digit of 359203019?
9
What is the hundred millions digit of 930724801?
9
What is the units digit of 177136651?
1
What is the billions digit of 1220745086?
1
What is the ten millions digit of 90453866?
9
What is the tens digit of 261031836?
3
What is the hundred thousands digit of 4305548135?
5
What is the millions digit of 163044186?
3
What is the millions digit of 57574519?
7
What is the ten thousands digit of 325695613?
9
What is the hundreds digit of 3427747283?
2
What is the tens digit of 4255955263?
6
What is the tens digit of 84844401?
0
What is the hundred thousands digit of 881529118?
5
What is the thousands digit of 17494109?
4
What is the units digit of 122452192?
2
What is the thousands digit of 1577560899?
0
What is the ten millions digit of 45898861?
4
What is the millions digit of 558796375?
8
What is the thousands digit of 646290171?
0
What is the hundred thousands digit of 1789438693?
4
What is the thousands digit of 1270790647?
0
What is the millions digit of 2239788403?
9
What is the hundred thousands digit of 77757673?
7
What is the hundred thousands digit of 1675849474?
8
What is the units digit of 76211052?
2
What is the hundred thousands digit of 71596487?
5
What is the tens digit of 48158709?
0
What is the tens digit of 1755626206?
0
What is the hundred thousands digit of 29436282?
4
What is the thousands digit of 22223100?
3
What is the ten millions digit of 74227270?
7
What is the units digit of 42785002?
2
What is the hundred thousands digit of 16059602?
0
What is the ten thousands digit of 319775344?
7
What is the ten thousands digit of 149118969?
1
What is the units digit of 232497753?
3
What is the units digit of 1235900726?
6
What is the ten thousands digit of 3706080688?
8
What is the millions digit of 28171003?
8
What is the hundreds digit of 43343245?
2
What is the ten thousands digit of 317412654?
1
What is the hundred millions digit of 1734704331?
7
What is the millions digit of 110195003?
0
What is the units digit of 52142146?
6
What is the tens digit of 3326460?
6
What is the millions digit of 78881431?
8
What is the thousands digit of 3160787777?
7
What is the units digit of 1687486017?
7
What is the ten thousands digit of 2072186718?
8
What is the thousands digit of 102475999?
5
What is the ten millions digit of 428311443?
2
What is the hundred thousands digit of 22410060?
4
What is the thousands digit of 51849700?
9
What is the thousands digit of 184708964?
8
What is the units digit of 9181315?
5
What is the hundred millions digit of 866730423?
8
What is the ten millions digit of 2638746797?
3
What is the ten millions digit of 1857792494?
5
What is the ten millions digit of 104637263?
0
What is the ten thousands digit of 52006480?
0
What is the tens digit of 829658885?
8
What is the millions digit of 60518577?
0
What is the tens digit of 20433362?
6
What is the hundred millions digit of 1683277269?
6
What is the hundred thousands digit of 28123472?
1
What is the thousands digit of 1497982966?
2
What is the hundred thousands digit of 523643095?
6
What is the billions digit of 5482386142?
5
What is the ten thousands digit of 1803751609?
5
What is the hundred thousands digit of 73920412?
9
What is the units digit of 3004967903?
3
What is the thousands digit of 57721133?
1
What is the ten millions digit of 97037703?
9
What is the tens digit of 3949802734?
3
What is the ten thousands digit of 35300553?
0
What is the ten millions digit of 3080299158?
8
What is the tens digit of 16079132?
3
What is the hundreds digit of 1274525?
5
What is the hundred thousands digit of 97483411?
4
What is the hundred millions digit of 154134966?
1
What is the hundreds digit of 13607658?
6
What is the tens digit of 235286905?
0
What is the ten millions digit of 323162834?
2
What is the hundred thousands digit of 2630164702?
1
What is the tens digit of 12034632?
3
What is the tens digit of 3813925766?
6
What is the ten millions digit of 870378668?
7
What is the units digit of 23043546?
6
What is the tens digit of 7956811?
1
What is the ten thousands digit of 3174538440?
3
What is the millions digit of 2686573467?
6
What is the ten millions digit of 2003356000?
0
What is the ten thousands digit of 29721633?
2
What is the ten millions digit of 858997466?
5
What is the tens digit of 382699692?
9
What is the millions digit of 39993670?
9
What is the billions digit of 1804559808?
1
What is the ten thousands digit of 252613185?
1
What is the tens digit of 5280050294?
9
What is the hundreds digit of 222601380?
3
What is the thousands digit of 126705904?
5
What is the ten millions digit of 63829223?
6
What is the ten millions digit of 628121982?
2
What is the hundred thousands digit of 268767428?
7
What is the hundreds digit of 35740501?
5
What is the units digit of 1420776263?
3
What is the thousands digit of 44466745?
6
What is the millions digit of 144724601?
4
What is the hundreds digit of 164657659?
6
What is the hundreds digit of 211683782?
7
What is the millions digit of 85256807?
5
What is the hundreds digit of 45855484?
4
What is the ten millions digit of 113862175?
1
What is the ten thousands digit of 51315559?
1
What is the ten thousands digit of 2911353477?
5
What is the ten thousands digit of 81733970?
3
What is the hundreds digit of 3738054414?
4
What is the tens digit of 2700764278?
7
What is the ten millions digit of 252479607?
5
What is the ten millions digit of 909525642?
0
What is the tens digit of 233242013?
1
What is the ten thousands digit of 50576146?
7
What is the hundred thousands digit of 76288554?
2
What is the tens digit of 441767969?
6
What is the thousands digit of 6997830596?
0
What is the millions digit of 170790462?
0
What is the units digit of 837664073?
3
What is the hundred millions digit of 692972991?
6
What is the thousands digit of 777077264?
7
What is the units digit of 33381504?
4
What is the hundred thousands digit of 86797642?
7
What is the hundred millions digit of 339267368?
3
What is the hundred thousands digit of 645102591?
1
What is the ten millions digit of 45514046?
4
What is the hundreds digit of 96108543?
5
What is the billions digit of 1022807181?
1
What is the millions digit of 185306210?
5
What is the hundred thousands digit of 78427237?
4
What is the hundreds digit of 1156714518?
5
What is the tens digit of 3128889?
8
What is the tens digit of 6537088?
8
What is the hundreds digit of 290009584?
5
What is the units digit of 1299637429?
9
What is the hundred thousands digit of 29831373?
8
What is the ten thousands digit of 261494571?
9
What is the hundreds digit of 4075?
0
What is the tens digit of 3246033016?
1
What is the hundreds digit of 404102521?
5
What is the ten thousands digit of 1188063365?
6
What is the ten millions digit of 335453962?
3
What is the ten millions digit of 2025563812?
2
What is the ten millions digit of 2962903419?
6
What is the ten millions digit of 258537680?
5
What is the thousands digit of 67462216?
2
What is the billions digit of 3999241869?
3
What is the units digit of 1076022768?
8
What is the billions digit of 6406977394?
6
What is the tens digit of 107446433?
3
What is the hundred millions digit of 626723562?
6
What is the hundred thousands digit of 4029018?
0
What is the thousands digit of 135050449?
0
What is the thousands digit of 30310675?
0
What is the hundred thousands digit of 645079207?
0
What is the hundreds digit of 3310101610?
6
What is the millions digit of 39887324?
9
What is the tens digit of 44040294?
9
What is the ten millions digit of 111748461?
1
What is the hundreds digit of 706230945?
9
What is the hundred millions digit of 1289213100?
2
What is the ten millions digit of 329446546?
2
What is the hundreds digit of 178923743?
7
What is the units digit of 37714566?
6
What is the ten thousands digit of 69490803?
9
What is the hundred millions digit of 945209633?
9
What is the units di